{"id":318,"date":"2016-10-31T14:20:44","date_gmt":"2016-10-31T17:20:44","guid":{"rendered":"https:\/\/isfdvictoriaocampo-cba.infd.edu.ar\/sitio\/?page_id=318"},"modified":"2022-06-05T23:28:03","modified_gmt":"2022-06-06T02:28:03","slug":"contacto","status":"publish","type":"page","link":"https:\/\/isfdvictoriaocampo-cba.infd.edu.ar\/sitio\/contacto\/","title":{"rendered":"REDES SOCIALES"},"content":{"rendered":"<h5 style=\"text-align: left; padding-left: 30px;\">Para comunicarte con nosotros pod\u00e9s hacerlo aqu\u00ed:<\/h5>\n<h5 style=\"padding-left: 30px; text-align: center;\"><strong>INSTAGRAM: <a href=\"https:\/\/www.instagram.com\/isfdvictoriaocampo\/?hl=es-la\">@isfdvictoriaocampo<\/a><\/strong><\/p>\n<p><strong>FACEBOOK: <a href=\"https:\/\/www.facebook.com\/profesoradoVictoriaOcampo\">Victoria Ocampo Noetinger<\/a><\/strong><\/p>\n<p><strong>YOUTUBE: <a href=\"https:\/\/www.youtube.com\/channel\/UCUkJV3Y5HyZG_YLjSyWxqSw\">ISFD VICTORIA OCAMPO<\/a><\/strong><\/h5>\n<h5 style=\"padding-left: 30px; text-align: center;\">\n<span style=\"color: #0000ff;\"> H\u00e9roes de Malvinas y Maestro Garc\u00eda<\/span> <span style=\"color: #0000ff;\"> T el 03472-471064 \u2013 e-mail: ifdvictoria_ocampo@yahoo.com.ar<\/span><\/h5>\n<h5 style=\"padding-left: 30px; text-align: center;\">\u00a0<span style=\"color: #0000ff;\">(2563) Noetinger &#8211; C\u00f3rdoba<\/span><\/h5>\n","protected":false},"excerpt":{"rendered":"<p>Para comunicarte con nosotros pod\u00e9s hacerlo aqu\u00ed: INSTAGRAM: @isfdvictoriaocampo FACEBOOK: Victoria Ocampo Noetinger YOUTUBE: ISFD VICTORIA OCAMPO H\u00e9roes de Malvinas y Maestro Garc\u00eda T el 03472-471064 \u2013 e-mail: ifdvictoria_ocampo@yahoo.com.ar \u00a0(2563) Noetinger &#8211; C\u00f3rdoba<\/p>\n","protected":false},"author":1,"featured_media":0,"parent":0,"menu_order":0,"comment_status":"closed","ping_status":"closed","template":"","meta":[],"acf":[],"_links":{"self":[{"href":"https:\/\/isfdvictoriaocampo-cba.infd.edu.ar\/sitio\/wp-json\/wp\/v2\/pages\/318"}],"collection":[{"href":"https:\/\/isfdvictoriaocampo-cba.infd.edu.ar\/sitio\/wp-json\/wp\/v2\/pages"}],"about":[{"href":"https:\/\/isfdvictoriaocampo-cba.infd.edu.ar\/sitio\/wp-json\/wp\/v2\/types\/page"}],"author":[{"embeddable":true,"href":"https:\/\/isfdvictoriaocampo-cba.infd.edu.ar\/sitio\/wp-json\/wp\/v2\/users\/1"}],"replies":[{"embeddable":true,"href":"https:\/\/isfdvictoriaocampo-cba.infd.edu.ar\/sitio\/wp-json\/wp\/v2\/comments?post=318"}],"version-history":[{"count":11,"href":"https:\/\/isfdvictoriaocampo-cba.infd.edu.ar\/sitio\/wp-json\/wp\/v2\/pages\/318\/revisions"}],"predecessor-version":[{"id":1127,"href":"https:\/\/isfdvictoriaocampo-cba.infd.edu.ar\/sitio\/wp-json\/wp\/v2\/pages\/318\/revisions\/1127"}],"wp:attachment":[{"href":"https:\/\/isfdvictoriaocampo-cba.infd.edu.ar\/sitio\/wp-json\/wp\/v2\/media?parent=318"}],"curies":[{"name":"wp","href":"https:\/\/api.w.org\/{rel}","templated":true}]}}