{"id":806,"date":"2018-08-30T13:55:12","date_gmt":"2018-08-30T16:55:12","guid":{"rendered":"https:\/\/isfdvictoriaocampo-cba.infd.edu.ar\/sitio\/equipo-de-gestion\/"},"modified":"2020-11-16T20:34:16","modified_gmt":"2020-11-16T23:34:16","slug":"equipo-de-gestion","status":"publish","type":"page","link":"https:\/\/isfdvictoriaocampo-cba.infd.edu.ar\/sitio\/equipo-de-gestion\/","title":{"rendered":"Equipo de Conducci\u00f3n y Gesti\u00f3n"},"content":{"rendered":"<p><span style=\"color: #000000; font-family: verdana, geneva; font-size: 10pt;\"><strong>Directora<\/strong>: Lic. Mar\u00eda Florencia Giletta<\/span><\/p>\n<p><span style=\"color: #000000; font-family: verdana, geneva; font-size: 10pt;\"><strong>Secretaria Acad\u00e9mica<\/strong>: Doc. Claudia De Lourdes Accastello<\/span><\/p>\n<p><span style=\"color: #000000; font-family: verdana, geneva; font-size: 10pt;\"><strong>Coordinadora de Educaci\u00f3n Superior:<\/strong> Lic. Carina Marta Le Roux<\/span><\/p>\n","protected":false},"excerpt":{"rendered":"<p>Directora: Lic. Mar\u00eda Florencia Giletta Secretaria Acad\u00e9mica: Doc. Claudia De Lourdes Accastello Coordinadora de Educaci\u00f3n Superior: Lic. Carina Marta Le Roux<\/p>\n","protected":false},"author":191,"featured_media":0,"parent":0,"menu_order":0,"comment_status":"closed","ping_status":"closed","template":"","meta":[],"acf":[],"_links":{"self":[{"href":"https:\/\/isfdvictoriaocampo-cba.infd.edu.ar\/sitio\/wp-json\/wp\/v2\/pages\/806"}],"collection":[{"href":"https:\/\/isfdvictoriaocampo-cba.infd.edu.ar\/sitio\/wp-json\/wp\/v2\/pages"}],"about":[{"href":"https:\/\/isfdvictoriaocampo-cba.infd.edu.ar\/sitio\/wp-json\/wp\/v2\/types\/page"}],"author":[{"embeddable":true,"href":"https:\/\/isfdvictoriaocampo-cba.infd.edu.ar\/sitio\/wp-json\/wp\/v2\/users\/191"}],"replies":[{"embeddable":true,"href":"https:\/\/isfdvictoriaocampo-cba.infd.edu.ar\/sitio\/wp-json\/wp\/v2\/comments?post=806"}],"version-history":[{"count":4,"href":"https:\/\/isfdvictoriaocampo-cba.infd.edu.ar\/sitio\/wp-json\/wp\/v2\/pages\/806\/revisions"}],"predecessor-version":[{"id":982,"href":"https:\/\/isfdvictoriaocampo-cba.infd.edu.ar\/sitio\/wp-json\/wp\/v2\/pages\/806\/revisions\/982"}],"wp:attachment":[{"href":"https:\/\/isfdvictoriaocampo-cba.infd.edu.ar\/sitio\/wp-json\/wp\/v2\/media?parent=806"}],"curies":[{"name":"wp","href":"https:\/\/api.w.org\/{rel}","templated":true}]}}